ermine r(41).
-66
Let j(a) = -a**3 + 78*a**2 - 457*a - 2861. Calculate j(71).
-21
Let z(m) = -5662*m**3 + 15*m**2 - 8*m - 24. What is z(-1)?
5661
Let o(h) = -h**3 + 1548*h**2 + 173562*h - 318. Determine o(-105).
-3
Let i(x) = -1819*x - 1692. Give i(-1).
127
Let t(w) = -w**2 - 201*w - 7847. Determine t(-53).
-3
Let c(n) = 2*n**2 + 51*n - 3160. Determine c(-55).
85
Let l(b) = -91*b**3 - 22*b**2 + 9*b + 30. Calculate l(-3).
2262
Let w(a) = -a**3 + 96*a**2 - 923*a - 213. Calculate w(11).
-81
Let z(y) = 2*y**3 + 91*y**2 + 626*y - 181. Calculate z(-37).
-70
Let f(s) = s**3 + 757*s**2 - 46397*s - 74. Determine f(57).
-17
Let y(m) = 1656*m + 3465. Determine y(-2).
153
Let c(g) = -3439*g + 533055. Give c(155).
10
Let y(f) = 3153*f + 9568. Determine y(-4).
-3044
Let u(c) = 2*c**3 + 113*c**2 + 1580*c + 893. What is u(-23)?
-4
Let u(r) = -39*r**2 - 2810*r - 140. Determine u(-72).
4
Let t(f) = -770*f + 143984. Calculate t(187).
-6
Let a(i) = -91*i**2 + 25187*i + 5602. What is a(277)?
62
Let y(j) = -28*j**2 - 1041*j - 3089. Calculate y(-34).
-63
Let w(h) = -17*h**2 + 30*h + 35. Calculate w(-1).
-12
Let v(r) = -40*r**2 - 1602*r + 288. Calculate v(-40).
368
Let c(m) = -m**3 - 65*m**2 + 110*m - 297. Give c(-67).
1311
Let v(k) = -4*k**3 + 33*k**2 - k - 61. Give v(8).
-5
Let o(s) = -20384*s - 3261440. Calculate o(-160).
0
Let o(t) = -4*t**2 + 314*t - 4374. What is o(59)?
228
Let s(t) = 6*t**2 - 625*t - 4602. Calculate s(-7).
67
Let w(h) = 7253*h + 23991. What is w(-3)?
2232
Let r(d) = -3150*d + 176281. What is r(56)?
-119
Let a(b) = -7*b**2 + 10*b + 127. Give a(-17).
-2066
Let a(p) = -14*p**3 + 1190*p**2 - 909*p + 77527. Calculate a(85).
262
Let m(p) = p**3 - 146*p**2 + 46*p + 14348. Give m(145).
-7
Let x(h) = -2*h**2 - 436*h - 23036. What is x(-90)?
4
Let p(a) = -16*a**2 - 422*a + 281. Determine p(-27).
11
Let x(j) = -j**2 - 6941*j + 34717. Determine x(5).
-13
Let b(t) = 6370*t - 70514. Give b(11).
-444
Let z(n) = 84*n**2 - 2054*n + 6872. Give z(4).
0
Let a(g) = -45703*g + 457022. What is a(10)?
-8
Let x(f) = -3*f**3 + 515*f**2 + 700*f - 998. Calculate x(173).
386
Let y(p) = -210*p + 7124. Give y(32).
404
Let t(a) = 6*a**3 + 6*a**2 - 18*a - 6309. Calculate t(0).
-6309
Let v(o) = o**2 + 349*o + 28447. Determine v(-219).
-23
Let y(n) = -4124286*n - 12372861. What is y(-3)?
-3
Let q(f) = f**2 + 381*f - 48642. What is q(101)?
40
Let n(z) = 951*z**2 + 16151*z - 71. Calculate n(-17).
201
Let o(t) = 66946*t - 2744768. Give o(41).
18
Let l(n) = 75*n - 332. What is l(16)?
868
Let b(d) = -d**3 + 51*d**2 - 607*d + 112. Give b(31).
515
Let t(h) = 2*h**3 - 72*h**2 - 47*h + 1866. Determine t(36).
174
Let x(m) = -3099*m + 272699. What is x(88)?
-13
Let h(y) = 802*y**2 + 3224*y + 71. Calculate h(-4).
7
Let m(a) = -2*a**3 - 153*a**2 + 633*a + 7. Determine m(4).
-37
Let z(n) = -n**3 - 5*n**2 + 19*n + 31. What is z(-7)?
-4
Let w(a) = -2*a**2 - 1672*a - 3329. Determine w(-2).
7
Let x(r) = -2*r**3 + 99*r**2 - 139*r + 4501. Calculate x(49).
91
Let d(l) = 223547*l - 1564833. Calculate d(7).
-4
Let x(v) = v**3 - 13*v**2 - 1843*v - 23727. Determine x(-21).
-18
Let n(l) = -235*l**2 - 4000*l - 36. Give n(-17).
49
Let m(k) = 10948*k - 75566. Give m(7).
1070
Let t(y) = y**3 - 403*y**2 - 21109*y + 1940. Determine t(-47).
13
Let s(z) = -83047*z - 13619715. Calculate s(-164).
-7
Let x(l) = 1610*l - 740599. Give x(460).
1
Let j(a) = -a**3 - 88*a**2 - 1732*a + 222. What is j(-30)?
-18
Let p(q) = 463*q + 135189. What is p(-292)?
-7
Let u(o) = -o**3 - 27*o**2 + 130*o + 697. What is u(-31)?
511
Let h(z) = 921*z + 24161. What is h(-32)?
-5311
Let x(i) = -39567*i - 277064. Give x(-7).
-95
Let k(x) = 2*x**3 + 108*x**2 + 3*x + 4. Calculate k(-54).
-158
Let m(s) = -23*s**2 - 33*s + 4. Calculate m(-2).
-22
Let s(b) = 14108*b - 395014. Determine s(28).
10
Let n(p) = 2320*p - 264397. Give n(114).
83
Let o(g) = -2*g**3 - 12*g**2 - 30276*g - 181673. Determine o(-6).
-17
Let a(x) = 15*x - 815. Determine a(-9).
-950
Let y(d) = 6487*d - 51173. Calculate y(8).
723
Let x(o) = -o**3 - 4*o**2 + 61*o + 101. Determine x(-11).
277
Let d(t) = -75*t**2 - 2135*t + 37. Calculate d(-27).
3007
Let w(l) = 4*l**3 + 2*l**2 + 137*l - 639. Calculate w(4).
197
Let x(b) = 37*b**2 + 6468*b - 90321. Calculate x(13).
16
Let q(s) = 36*s**3 - 15*s**2 + 2867*s - 2863. Calculate q(1).
25
Let t(u) = 5260*u + 725880. Give t(-138).
0
Let w(a) = -53*a + 769. Calculate w(0).
769
Let c(x) = -x**3 + 244*x**2 - 2775*x - 90. Calculate c(12).
18
Let t(q) = 14*q**3 - 169*q**2 + 18*q - 14. Give t(12).
58
Let s(n) = 448*n - 15938. Calculate s(36).
190
Let g(t) = 101*t + 2856. What is g(-28)?
28
Let u(m) = m**3 - 1717*m**2 + 33938*m + 27. Determine u(20).
-13
Let i(y) = -y**3 - 3494*y**2 + 59667*y + 336. Give i(17).
-4
Let u(y) = y**3 + 15*y**2 - 86*y - 1348. Determine u(-13).
108
Let k(g) = -g**2 + 1643*g - 590301. Calculate k(531).
171
Let a(i) = 41*i**2 - 17349*i + 54179. Calculate a(420).
-1
Let g(l) = -l**2 - 66*l - 781. Give g(-48).
83
Let k(h) = 59*h**2 + 368*h - 2589. Give k(7).
2878
Let g(f) = -f**2 + 205*f + 24930. Give g(291).
-96
Let l(i) = -2*i**3 - 1244*i**2 + 4964*i - 27527. What is l(-626)?
17
Let h(a) = 301*a + 5403. Determine h(-17).
286
Let v(g) = -2*g**2 - 128*g - 273. What is v(-62)?
-25
Let p(a) = -2*a**3 - 407*a**2 + 613*a - 112. Give p(-205).
298
Let f(q) = 3320*q - 1703203. Determine f(513).
-43
Let j(z) = 4*z**2 + 165*z - 1602. What is j(-50)?
148
Let s(r) = -r**3 - 3000*r**2 + 18043*r - 43. Calculate s(6).
-1
Let d(v) = v**3 + 64*v**2 - 2003*v + 231. Determine d(23).
185
Let q(h) = h**3 - 14*h**2 + 43*h - 483. What is q(12)?
-255
Let v(l) = -18*l**2 + 959*l - 80. Calculate v(54).
-782
Let k(a) = a**3 + 33*a**2 + 3*a + 196. Calculate k(-34).
-1062
Let y(b) = -9*b**3 - 2*b**2 + 6*b - 34. Determine y(2).
-102
Let d(u) = -75619*u + 3402881. Give d(45).
26
Let p(y) = 800*y - 23406. What is p(30)?
594
Let q(v) = -2*v**3 + 92*v**2 - 91*v - 33. What is q(45)?
-78
Let n(u) = u**2 - 35818*u - 286447. Give n(-8).
161
Let s(p) = p**3 + 200*p**2 - 1694*p - 6146. Give s(-208).
94
Let k(y) = 7*y**2 + 366*y - 4223. Calculate k(-62).
-7
Let a(s) = 8*s**3 - 3444*s**2 + 1759*s - 16780. Determine a(430).
-10
Let l(x) = 4414*x - 979901. Determine l(222).
7
Let s(y) = 912*y + 4364. What is s(-10)?
-4756
Let m(c) = 11*c**3 - 67*c**2 + 2108*c - 12618. Calculate m(6).
-6
Let j(p) = -p**2 - 367*p - 9833. Give j(-338).
-31
Let v(u) = 1039*u + 2414. What is v(-1)?
1375
Let n(i) = -7*i**2 + 520*i - 11074. Calculate n(22).
-3022
Let m(t) = -558*t + 19608. Give m(35).
78
Let q(p) = 1878*p - 154. Determine q(-1).
-2032
Let y(c) = 3350*c - 690091. Give y(206).
9
Let q(l) = -18149*l - 399279. What is q(-22)?
-1
Let o(b) = 3*b**3 - 130*b**2 + 47*b - 172. Give o(43).
0
Let z(j) = j**3 + 21*j**2 + 41*j - 406. Determine z(-18).
-172
Let z(r) = -4*r**2 - 40197*r - 240997. Determine z(-6).
41
Let q(a) = 2117*a - 55622. Determine q(26).
-580
Let g(j) = -74301*j + 817318. Determine g(11).
7
Let s(k) = k**3 - 39*k**2 - 45*k + 6398. Give s(35).
-77
Let r(s) = -s**3 - 306*s**2 + 4982*s + 1524501. What is r(-306)?
9
Let g(t) = -9*t**3 - 971*t**2 + 113*t + 160. Give g(-108).
-380
Let w(q) = -q**2 + 10414*q - 300849. Give w(29).
316
Let o(z) = 22953*z - 849275. What is o(37)?
-14
Let n(q) = 58*q + 6558. Give n(-93).
1164
Let b(z) = -7*z**3 - 55*z**2 - 452*z + 505. Calculate b(1).
-9
Let f(z) = 4456*z + 178260. Determine f(-40).
20
Let a(h) = 180*h + 5310. Give a(-28).
270
Let p(d) = -340638*d - 7494039. Determine p(-22).
-3
Let g(q) = 1892*q + 217568. Determine g(-115).
-12
Let n(u) = 4948*u + 415614. Calculate n(-84).
-18
Let x(w) = 14*w**2 + 23296*w - 328880. What is x(14)?
8
Let g(h) = -6843*h - 6847. Calculate g(-1).
-4
Let r(p) = 1688*p + 149070. Calculate r(-88).
526
Let r(m) = 54782*m - 1205201. Determine r(22).
3
Let j(o) = -2*o**3 + 177*o**2 + 1104*o + 187. What is j(-6)?
367
Let g(y) = 16*y**2 - 16914*y + 1122066. What is g(986)?
-2
Let a(x) = 2*x**2 + 12791*x + 63900. Give a(-5).
-5
Let n(a) = 195*a - 11175. Determine n(58).
135
Let k(h) = -8*h**3 - 233*h**2 + 87*h + 3389. Give k(-29).
25
Let h(n) = -35*n**2 - 1818*n + 223. What is h(-52)?
119
Let g(z) = -39464*z - 2091585. What is g(-53)?
7
Let m(f) = -f**3 - 6*f**2 + 725*f + 5030. What is m(-7)?
4
Let o